09.
3, 131, 613
List the prime factors of 12126833.
73, 283, 587
What are the prime factors of 2703293?
29, 31, 97
List the prime factors of 255241.
7, 5209
What are the prime factors of 267411?
3, 89137
What are the prime factors of 661476?
2, 3, 199, 277
List the prime factors of 1129361.
17, 31, 2143
What are the prime factors of 13366121?
13366121
What are the prime factors of 31007330?
2, 5, 3100733
List the prime factors of 104869.
104869
What are the prime factors of 562575?
3, 5, 13, 577
What are the prime factors of 419263?
13, 32251
What are the prime factors of 2033313?
3, 41, 61, 271
What are the prime factors of 3293853?
3, 23, 47737
List the prime factors of 1969220.
2, 5, 11, 8951
What are the prime factors of 34845486?
2, 3, 13, 53, 8429
What are the prime factors of 28001036?
2, 7, 1000037
List the prime factors of 568911.
3, 7, 27091
List the prime factors of 333239.
29, 11491
List the prime factors of 355487.
11, 17, 1901
List the prime factors of 378710.
2, 5, 37871
What are the prime factors of 27718?
2, 13859
What are the prime factors of 259792?
2, 13, 1249
List the prime factors of 2279541.
3, 11, 67, 1031
List the prime factors of 19543950.
2, 3, 5, 31, 467
What are the prime factors of 301012?
2, 75253
List the prime factors of 2372320.
2, 5, 14827
What are the prime factors of 26776125?
3, 5, 23801
What are the prime factors of 882713?
13, 67901
List the prime factors of 63060.
2, 3, 5, 1051
What are the prime factors of 2016212?
2, 11, 45823
What are the prime factors of 177235?
5, 35447
List the prime factors of 1217592.
2, 3, 1879
List the prime factors of 271011.
3, 13, 6949
What are the prime factors of 3309812?
2, 11, 75223
What are the prime factors of 144524?
2, 36131
What are the prime factors of 285052?
2, 71263
What are the prime factors of 408866?
2, 89, 2297
List the prime factors of 525843.
3, 58427
What are the prime factors of 644806?
2, 322403
What are the prime factors of 1360783?
1360783
List the prime factors of 2698786.
2, 1349393
List the prime factors of 89618.
2, 44809
List the prime factors of 7972786.
2, 3986393
What are the prime factors of 131789?
7, 67, 281
List the prime factors of 1033697.
7, 147671
What are the prime factors of 184774?
2, 92387
What are the prime factors of 705723?
3, 235241
What are the prime factors of 7528810?
2, 5, 752881
List the prime factors of 5147104.
2, 239, 673
List the prime factors of 23418822.
2, 3, 7, 557591
List the prime factors of 634439.
13, 37, 1319
What are the prime factors of 386541?
3, 29, 1481
What are the prime factors of 62565?
3, 5, 43, 97
What are the prime factors of 10630389?
3, 7, 11, 17, 2707
List the prime factors of 751440.
2, 3, 5, 31, 101
What are the prime factors of 6286446?
2, 3, 29, 12043
List the prime factors of 35585.
5, 11, 647
What are the prime factors of 1941008?
2, 121313
List the prime factors of 2026509.
3, 373, 1811
List the prime factors of 4793865.
3, 5, 319591
What are the prime factors of 89035?
5, 17807
List the prime factors of 2037665.
5, 7, 8317
List the prime factors of 186145.
5, 59, 631
List the prime factors of 1041270.
2, 3, 5, 61, 569
What are the prime factors of 7937207?
83, 95629
List the prime factors of 2495480.
2, 5, 13, 4799
What are the prime factors of 1460978?
2, 107, 6827
What are the prime factors of 252099?
3, 9337
What are the prime factors of 690370?
2, 5, 17, 31, 131
List the prime factors of 159118.
2, 79559
List the prime factors of 90347.
167, 541
List the prime factors of 93781.
191, 491
List the prime factors of 1739697.
3, 19, 23, 1327
List the prime factors of 214296.
2, 3, 8929
List the prime factors of 562197.
3, 67, 2797
List the prime factors of 9624107.
37, 260111
List the prime factors of 57272.
2, 7159
What are the prime factors of 14100243?
3, 499, 9419
List the prime factors of 270080.
2, 5, 211
What are the prime factors of 1580818?
2, 83, 89, 107
What are the prime factors of 15321348?
2, 3, 7, 163, 373
List the prime factors of 1157342.
2, 73, 7927
List the prime factors of 2776503.
3, 925501
List the prime factors of 189196.
2, 7, 29, 233
List the prime factors of 10672045.
5, 2134409
List the prime factors of 229787.
61, 3767
List the prime factors of 2692992.
2, 3, 7013
What are the prime factors of 83748?
2, 3, 7, 997
List the prime factors of 5262749.
113, 46573
What are the prime factors of 3973193?
7, 113, 5023
What are the prime factors of 782298?
2, 3, 11, 439
What are the prime factors of 2722585?
5, 544517
What are the prime factors of 127181?
89, 1429
List the prime factors of 365871.
3, 11, 11087
What are the prime factors of 1360648?
2, 170081
What are the prime factors of 222635?
5, 7, 6361
List the prime factors of 517890.
2, 3, 5, 61, 283
What are the prime factors of 13995340?
2, 5, 699767
What are the prime factors of 126478?
2, 11, 5749
List the prime factors of 606862.
2, 303431
What are the prime factors of 12810176?
2, 200159
List the prime factors of 1702529.
23, 79, 937
List the prime factors of 1337569.
71, 18839
What are the prime factors of 12243012?
2, 3, 709, 1439
List the prime factors of 5893912.
2, 349, 2111
List the prime factors of 198064.
2, 12379
What are the prime factors of 5638438?
2, 13, 229, 947
List the prime factors of 3309900.
2, 3, 5, 11, 17, 59
List the prime factors of 3254514.
2, 3, 17, 31907
List the prime factors of 7448723.
7448723
What are the prime factors of 19737812?
2, 4934453
List the prime factors of 476799.
3, 17, 9349
What are the prime factors of 411777?
3, 101, 151
List the prime factors of 6383643.
3, 7, 303983
List the prime factors of 1176076.
2, 11, 26729
List the prime factors of 439318.
2, 11, 19, 1051
List the prime factors of 77239.
77239
What are the prime factors of 361831?
53, 6827
What are the prime factors of 6145970?
2, 5, 29, 21193
What are the prime factors of 290389?
11, 26399
List the prime factors of 257432.
2, 7, 4597
List the prime factors of 4723757.
73, 64709
List the prime factors of 9251303.
1201, 7703
What are the prime factors of 6215818?
2, 7, 443987
List the prime factors of 200903.
200903
What are the prime factors of 111233?
41, 2713
What are the prime factors of 894745?
5, 149, 1201
What are the prime factors of 6300909?
3, 107, 727
What are the prime factors of 691752?
2, 3, 19, 37, 41
What are the prime factors of 4278377?
4278377
What are the prime factors of 380339?
31, 12269
List the prime factors of 10029195.
3, 5, 11, 20261
What are the prime factors of 6061879?
89, 68111
What are the prime factors of 1788815?
5, 7, 51109
List the prime factors of 1740376.
2, 11, 19777
What are the prime factors of 746468?
2, 59, 3163
What are the prime factors of 29163480?
2, 3, 5, 19, 12791
List the prime factors of 15682069.
13, 29, 41597
What are the prime factors of 13282172?
2, 3320543
List the prime factors of 37868797.
37, 149, 6869
List the prime factors of 615922.
2, 547, 563
List the prime factors of 473130.
2, 3, 5, 7, 751
What are the prime factors of 7424422?
2, 457, 8123
What are the prime factors of 12394016?
2, 387313
List the prime factors of 1527350.
2, 5, 11, 2777
What are the prime factors of 1080377?
541, 1997
List the prime factors of 1564505.
5, 157, 1993
What are the prime factors of 555344?
2, 61, 569
What are the prime factors of 17283256?
2, 83, 26029
What are the prime factors of 123029?
17, 7237
What are the prime factors of 13023004?
2, 3255751
What are the prime factors of 14283430?
2, 5, 7, 107, 1907
List the prime factors of 90241.
31, 41, 71
What are the prime factors of 134688?
2, 3, 23, 61
List the prime factors of 904706.
2, 11, 17, 41, 59
List the prime factors of 3185954.
2, 487, 3271
What are the prime factors of 6247705?
5, 73, 17117
What are the prime factors of 2437729?
7, 348247
List the prime factors of 2957769.
3, 109547
List the prime factors of 9388.
2, 2347
List the prime factors of 3702132.
2, 3, 7, 59, 83
What are the prime factors of 403073?
11, 36643
What are the prime factors of 220288?
2, 1721
List the prime factors of 3878893.
3878893
List the prime factors of 3465019.
23, 79, 1907
List the prime factors of 838076.
2, 209519
What are the prime factors of 425266?
2, 212633
What are the prime factors of 120383?
120383
What are 